{"id":1089,"date":"2024-02-27T16:58:37","date_gmt":"2024-02-27T16:58:37","guid":{"rendered":"https:\/\/cursomusicabenicassim.eu\/?page_id=1089"},"modified":"2024-02-27T17:29:15","modified_gmt":"2024-02-27T17:29:15","slug":"sergio-llorente","status":"publish","type":"page","link":"https:\/\/cursomusicabenicassim.eu\/es\/profesorado\/sergio-llorente\/","title":{"rendered":"Sergio Llorente"},"content":{"rendered":"\n<div class=\"wp-block-media-text alignwide is-stacked-on-mobile is-vertically-aligned-top\" style=\"grid-template-columns:23% auto\"><figure class=\"wp-block-media-text__media\"><img loading=\"lazy\" decoding=\"async\" width=\"1024\" height=\"683\" src=\"https:\/\/cursomusicabenicassim.eu\/wp-content\/uploads\/2024\/02\/FixedPNG-1024x683.png\" alt=\"\" class=\"wp-image-1084 size-large\" srcset=\"https:\/\/cursomusicabenicassim.eu\/wp-content\/uploads\/2024\/02\/FixedPNG-1024x683.png 1024w, https:\/\/cursomusicabenicassim.eu\/wp-content\/uploads\/2024\/02\/FixedPNG-300x200.png 300w, https:\/\/cursomusicabenicassim.eu\/wp-content\/uploads\/2024\/02\/FixedPNG-768x512.png 768w, https:\/\/cursomusicabenicassim.eu\/wp-content\/uploads\/2024\/02\/FixedPNG-1536x1024.png 1536w, https:\/\/cursomusicabenicassim.eu\/wp-content\/uploads\/2024\/02\/FixedPNG.png 1944w\" sizes=\"auto, (max-width: 1024px) 100vw, 1024px\" \/><\/figure><div class=\"wp-block-media-text__content\">\n<p><strong>Sergio Llorente<\/strong> naci\u00f3 en Madrid y actualmente establecido en Bergen, Noruega. Comienza su educaci\u00f3n musical con Nuria Felix en el Conservatorio de Guadalajara \u00abSebasti\u00e1n Dur\u00f3n\u00bb y termina con Alfredo Garc\u00eda en el Conservatorio \u00abAmaniel\u00bb (Madrid). Complet\u00f3 sus estudios de Grado y M\u00e1ster en la c\u00e1tedra de Mari Tampere-Bezrodny, siendo galardonado dos veces con <em>Summa Cum Laude<\/em> y obteniendo la beca de resultados en 2018.<\/p>\n\n\n\n<p>Ha ampliado su educaci\u00f3n musical en cursos como Aldebar\u00e1n (Espa\u00f1a), San Esteban de Gormaz (Espa\u00f1a), <em>Sierra Academy of Music <\/em>(EEUU), ocho ediciones del Curso Internacional de M\u00fasica de Benic\u00e0ssim, <em>Musical Summer Intl. Festival<\/em> (Espa\u00f1a), <em>Kuressaare Summer Academy <\/em>(Estonia) y en el Festival Internacional de M\u00fasica de Loutraki (Grecia).<\/p>\n\n\n\n<p>Ha recibido clases magistrales de Mari Tampere-Bezrodny, M. Pogosyan, Alexander Vinitsky, Natalia Lomeiko, Peeter Laul, Bruno Vidal, Ana Comesa\u00f1a, Aurelius Goli\u0144ski, E. C. Sch\u00f6nweiss, Ana Laukhina, Rebecca Hang, Lina Bahn, Emma Noel Votapek y Alfredo Garc\u00eda.<\/p>\n\n\n\n<p>Muy interesado en la pedagog\u00eda, tiene experiencia como profesor tanto de viol\u00edn como de teor\u00eda musical desde 2015. Adem\u00e1s, realiz\u00f3 la asistencia pedag\u00f3gica para la secci\u00f3n de violines en <em>Cantare Projekt<\/em> en Heidelberg y Mannheim, Alemania.<\/p>\n\n\n\n<p>En m\u00fasica de c\u00e1mara, desarroll\u00f3 sus estudios en la c\u00e1tedra de la Prof. Marje Lohuaru. Tiene amplia experiencia trabajando en muchos grupos diferentes; d\u00faos, tr\u00edos, cuartetos de cuerda, cuartetos con piano y quintetos con piano. Fue galardonado con el segundo premio en la II <em>EAMT Piano Chamber Music Competition<\/em>, y en este campo, recibi\u00f3 clases magistrales del Dr. Evan Rothstein, Audun Sandvik, Pierre Doumenge, Peter Laul, Lea Leiten, Nokuthula Ngwenyama, K. Sellheim y K. Jankowska-Borzykowska entre otros. Actualmente es miembro de <em>BOREAS <\/em>ensemble.<\/p>\n\n\n\n<p>En orquesta, ha colaborado con la Tallinn International Youth Orchestra (TIYO), Meraki Orchestra, P\u00e4rnu City Orchestra (PLO), Southern-Estonia Orchestra, Estonian National Symphony Orchestra (ERSO), Bergen Chamber Orchestra (BKO) y Bergen Philharmonic Orchestra (BFO). Mantiene colaboraciones regulares con Opera Bergen Orchestra, Bergen Youth Chamber Orchestra (BUKO) y Bergen Youth Philharmonic Orchestra (BFUng).<\/p>\n<\/div><\/div>\n","protected":false},"excerpt":{"rendered":"<p>Sergio Llorente naci\u00f3 en Madrid y actualmente establecido en Bergen, Noruega. Comienza su educaci\u00f3n musical con Nuria Felix en el Conservatorio de Guadalajara \u00abSebasti\u00e1n Dur\u00f3n\u00bb y termina con Alfredo Garc\u00eda en el Conservatorio \u00abAmaniel\u00bb (Madrid). Complet\u00f3 sus estudios de Grado y M\u00e1ster en la c\u00e1tedra de Mari Tampere-Bezrodny, siendo galardonado dos veces con Summa Cum [&hellip;]<\/p>\n","protected":false},"author":3,"featured_media":0,"parent":24,"menu_order":0,"comment_status":"closed","ping_status":"closed","template":"","meta":{"footnotes":""},"class_list":["post-1089","page","type-page","status-publish","hentry"],"amp_enabled":true,"_links":{"self":[{"href":"https:\/\/cursomusicabenicassim.eu\/es\/wp-json\/wp\/v2\/pages\/1089","targetHints":{"allow":["GET"]}}],"collection":[{"href":"https:\/\/cursomusicabenicassim.eu\/es\/wp-json\/wp\/v2\/pages"}],"about":[{"href":"https:\/\/cursomusicabenicassim.eu\/es\/wp-json\/wp\/v2\/types\/page"}],"author":[{"embeddable":true,"href":"https:\/\/cursomusicabenicassim.eu\/es\/wp-json\/wp\/v2\/users\/3"}],"replies":[{"embeddable":true,"href":"https:\/\/cursomusicabenicassim.eu\/es\/wp-json\/wp\/v2\/comments?post=1089"}],"version-history":[{"count":4,"href":"https:\/\/cursomusicabenicassim.eu\/es\/wp-json\/wp\/v2\/pages\/1089\/revisions"}],"predecessor-version":[{"id":1103,"href":"https:\/\/cursomusicabenicassim.eu\/es\/wp-json\/wp\/v2\/pages\/1089\/revisions\/1103"}],"up":[{"embeddable":true,"href":"https:\/\/cursomusicabenicassim.eu\/es\/wp-json\/wp\/v2\/pages\/24"}],"wp:attachment":[{"href":"https:\/\/cursomusicabenicassim.eu\/es\/wp-json\/wp\/v2\/media?parent=1089"}],"curies":[{"name":"wp","href":"https:\/\/api.w.org\/{rel}","templated":true}]}}

<div class="wp-block-media-text alignwide is-stacked-on-mobile is-vertically-aligned-top" style="grid-template-columns:23% auto"><figure class="wp-block-media-text__media"><img loading="lazy" decoding="async" width="1024" height="683" src="https://cursomusicabenicassim.eu/wp-content/uploads/2024/02/FixedPNG-1024x683.png" alt="" class="wp-image-1084 size-large" srcset="https://cursomusicabenicassim.eu/wp-content/uploads/2024/02/FixedPNG-1024x683.png 1024w, https://cursomusicabenicassim.eu/wp-content/uploads/2024/02/FixedPNG-300x200.png 300w, https://cursomusicabenicassim.eu/wp-content/uploads/2024/02/FixedPNG-768x512.png 768w, https://cursomusicabenicassim.eu/wp-content/uploads/2024/02/FixedPNG-1536x1024.png 1536w, https://cursomusicabenicassim.eu/wp-content/uploads/2024/02/FixedPNG.png 1944w" sizes="auto, (max-width: 1024px) 100vw, 1024px" /></figure><div class="wp-block-media-text__content">
<p><strong>Sergio Llorente</strong> nació en Madrid y actualmente establecido en Bergen, Noruega. Comienza su educación musical con Nuria Felix en el Conservatorio de Guadalajara «Sebastián Durón» y termina con Alfredo García en el Conservatorio «Amaniel» (Madrid). Completó sus estudios de Grado y Máster en la cátedra de Mari Tampere-Bezrodny, siendo galardonado dos veces con <em>Summa Cum Laude</em> y obteniendo la beca de resultados en 2018.</p>



<p>Ha ampliado su educación musical en cursos como Aldebarán (España), San Esteban de Gormaz (España), <em>Sierra Academy of Music </em>(EEUU), ocho ediciones del Curso Internacional de Música de Benicàssim, <em>Musical Summer Intl. Festival</em> (España), <em>Kuressaare Summer Academy </em>(Estonia) y en el Festival Internacional de Música de Loutraki (Grecia).</p>



<p>Ha recibido clases magistrales de Mari Tampere-Bezrodny, M. Pogosyan, Alexander Vinitsky, Natalia Lomeiko, Peeter Laul, Bruno Vidal, Ana Comesaña, Aurelius Goliński, E. C. Schönweiss, Ana Laukhina, Rebecca Hang, Lina Bahn, Emma Noel Votapek y Alfredo García.</p>



<p>Muy interesado en la pedagogía, tiene experiencia como profesor tanto de violín como de teoría musical desde 2015. Además, realizó la asistencia pedagógica para la sección de violines en <em>Cantare Projekt</em> en Heidelberg y Mannheim, Alemania.</p>



<p>En música de cámara, desarrolló sus estudios en la cátedra de la Prof. Marje Lohuaru. Tiene amplia experiencia trabajando en muchos grupos diferentes; dúos, tríos, cuartetos de cuerda, cuartetos con piano y quintetos con piano. Fue galardonado con el segundo premio en la II <em>EAMT Piano Chamber Music Competition</em>, y en este campo, recibió clases magistrales del Dr. Evan Rothstein, Audun Sandvik, Pierre Doumenge, Peter Laul, Lea Leiten, Nokuthula Ngwenyama, K. Sellheim y K. Jankowska-Borzykowska entre otros. Actualmente es miembro de <em>BOREAS </em>ensemble.</p>



<p>En orquesta, ha colaborado con la Tallinn International Youth Orchestra (TIYO), Meraki Orchestra, Pärnu City Orchestra (PLO), Southern-Estonia Orchestra, Estonian National Symphony Orchestra (ERSO), Bergen Chamber Orchestra (BKO) y Bergen Philharmonic Orchestra (BFO). Mantiene colaboraciones regulares con Opera Bergen Orchestra, Bergen Youth Chamber Orchestra (BUKO) y Bergen Youth Philharmonic Orchestra (BFUng).</p>
</div></div>

<p>Sergio Llorente nació en Madrid y actualmente establecido en Bergen, Noruega. Comienza su educación musical con Nuria Felix en el Conservatorio de Guadalajara «Sebastián Durón» y termina con Alfredo García en el Conservatorio «Amaniel» (Madrid). Completó sus estudios de Grado y Máster en la cátedra de Mari Tampere-Bezrodny, siendo galardonado dos veces con Summa Cum [&hellip;]</p>
