{"id":1089,"date":"2024-02-27T16:58:37","date_gmt":"2024-02-27T16:58:37","guid":{"rendered":"https:\/\/cursomusicabenicassim.eu\/?page_id=1089"},"modified":"2024-02-27T17:29:15","modified_gmt":"2024-02-27T17:29:15","slug":"sergio-llorente","status":"publish","type":"page","link":"https:\/\/cursomusicabenicassim.eu\/va\/profesorado\/sergio-llorente\/","title":{"rendered":"Sergio Llorente"},"content":{"rendered":"\r\n<div class=\"wp-block-media-text alignwide is-stacked-on-mobile is-vertically-aligned-top\" style=\"grid-template-columns: 23% auto;\">\r\n<figure class=\"wp-block-media-text__media\"><img loading=\"lazy\" decoding=\"async\" width=\"1024\" height=\"683\" class=\"wp-image-1084 size-large\" src=\"https:\/\/cursomusicabenicassim.eu\/wp-content\/uploads\/2024\/02\/FixedPNG-1024x683.png\" alt=\"\" srcset=\"https:\/\/cursomusicabenicassim.eu\/wp-content\/uploads\/2024\/02\/FixedPNG-1024x683.png 1024w, https:\/\/cursomusicabenicassim.eu\/wp-content\/uploads\/2024\/02\/FixedPNG-300x200.png 300w, https:\/\/cursomusicabenicassim.eu\/wp-content\/uploads\/2024\/02\/FixedPNG-768x512.png 768w, https:\/\/cursomusicabenicassim.eu\/wp-content\/uploads\/2024\/02\/FixedPNG-1536x1024.png 1536w, https:\/\/cursomusicabenicassim.eu\/wp-content\/uploads\/2024\/02\/FixedPNG.png 1944w\" sizes=\"auto, (max-width: 1024px) 100vw, 1024px\" \/><\/figure>\r\n<div class=\"wp-block-media-text__content\">\r\n\r\n\r\n\r\n<strong>Sergio Llorente<\/strong> naix a Madrid i actualment est\u00e0 establert a Bergen, Noruega. Comen\u00e7a la seua educaci\u00f3 musical amb Nuria Felix al Conservatori de Guadalajara &#8220;Sebasti\u00e1n Dur\u00f3n&#8221; i acaba amb Alfredo Garc\u00eda al Conservatori &#8220;Amaniel&#8221; (Madrid). Completa els seus estudis de Grau i M\u00e0ster amb Mari Tampere-Bezrodny, guardonat dues voltes amb <em>Summa Cum Laude<\/em> i obtenint la beca de resultats en 2018.\r\n\r\n\r\n\r\n\r\n\r\nHa ampliat la seua educaci\u00f3 musical en cursos com Aldebar\u00e1n (Espanya), San Esteban de Gormaz (Espanya), <em>Sierra Academy of Music <\/em>(EEUU), vuit edicions del Curs Internacional de M\u00fasica de Benic\u00e0ssim, <em>Musical Summer Intl. Festival<\/em> (Espanya), <em>Kuressaare Summer Academy <\/em>(Est\u00f2nia) i al Festival Internacional de M\u00fasica de Loutraki (Gr\u00e8cia).\r\n\r\n\r\n\r\n\r\n\r\nHa rebut classes magistrals de Mari Tampere-Bezrodny, M. Pogosyan, Alexander Vinitsky, Natalia Lomeiko, Peeter Laul, Bruno Vidal, Ana Comesa\u00f1a, Aurelius Goli\u0144ski, E. C. Sch\u00f6nweiss, Ana Laukhina, Rebecca Hang, Lina Bahn, Emma Noel Votapek i Alfredo Garc\u00eda.\r\n\r\n\r\n\r\n\r\n\r\nMolt interessat en la pedagogia, t\u00e9 experi\u00e8ncia com a professor de viol\u00ed i de teoria musical des de 2015. A m\u00e9s a m\u00e9s, va ser assistent pedag\u00f2gic a la secci\u00f3 de violins en <em>Cantare Projekt<\/em> a Heidelberg i Mannheim (Alemanya).\r\n\r\n\r\n\r\n\r\n\r\nEn m\u00fasica de cambra, ha fet els seus estudis amb la Prof. Marje Lohuaru. T\u00e9 una \u00e0mplia experi\u00e8ncia treballant en molts grups diferents; duos, trios, quartets de corda, quartets amb piano i quintets amb piano. Va ser guardonat amb el segon premi en la II EAMT Piano Chamber Music Competition, i en aquest camp, va rebre classes magistrals del Dr. Evan Rothstein, Audun Sandvik, Pierre Doumenge, Peter Laul, Lea Leiten, Nokuthula Ngwenyama, K. Sellheim i K. Jankowska-Borzykowska entre altres. Actualment, \u00e9s membre de BOREAS ensemble.\r\n\r\n\r\n\r\n\r\n\r\nEn orquestra, ha col\u00b7laborat amb la Tallinn International Youth Orchestra (TIYO), Meraki Orchestra, P\u00e4rnu City Orchestra (PLO), Southern-Estonia Orchestra, Estonian National Symphony Orchestra (ERSO), Bergen Chamber Orchestra (BKO) i Bergen Philharmonic Orchestra (BFO). Col\u00b7labora regularment amb l&#8217;Opera Bergen Orchestra, Bergen Youth Chamber Orchestra (BUKO) i Bergen Youth Philharmonic Orchestra (BFUng).\r\n\r\n\r\n\r\n<\/div>\r\n<\/div>\r\n","protected":false},"excerpt":{"rendered":"<p>Sergio Llorente naix a Madrid i actualment est\u00e0 establert a Bergen, Noruega. Comen\u00e7a la seua educaci\u00f3 musical amb Nuria Felix al Conservatori de Guadalajara &#8220;Sebasti\u00e1n Dur\u00f3n&#8221; i acaba amb Alfredo Garc\u00eda al Conservatori &#8220;Amaniel&#8221; (Madrid). Completa els seus estudis de Grau i M\u00e0ster amb Mari Tampere-Bezrodny, guardonat dues voltes amb Summa Cum Laude i obtenint [&hellip;]<\/p>\n","protected":false},"author":3,"featured_media":0,"parent":24,"menu_order":0,"comment_status":"closed","ping_status":"closed","template":"","meta":{"footnotes":""},"class_list":["post-1089","page","type-page","status-publish","hentry"],"amp_enabled":true,"_links":{"self":[{"href":"https:\/\/cursomusicabenicassim.eu\/va\/wp-json\/wp\/v2\/pages\/1089","targetHints":{"allow":["GET"]}}],"collection":[{"href":"https:\/\/cursomusicabenicassim.eu\/va\/wp-json\/wp\/v2\/pages"}],"about":[{"href":"https:\/\/cursomusicabenicassim.eu\/va\/wp-json\/wp\/v2\/types\/page"}],"author":[{"embeddable":true,"href":"https:\/\/cursomusicabenicassim.eu\/va\/wp-json\/wp\/v2\/users\/3"}],"replies":[{"embeddable":true,"href":"https:\/\/cursomusicabenicassim.eu\/va\/wp-json\/wp\/v2\/comments?post=1089"}],"version-history":[{"count":4,"href":"https:\/\/cursomusicabenicassim.eu\/va\/wp-json\/wp\/v2\/pages\/1089\/revisions"}],"predecessor-version":[{"id":1103,"href":"https:\/\/cursomusicabenicassim.eu\/va\/wp-json\/wp\/v2\/pages\/1089\/revisions\/1103"}],"up":[{"embeddable":true,"href":"https:\/\/cursomusicabenicassim.eu\/va\/wp-json\/wp\/v2\/pages\/24"}],"wp:attachment":[{"href":"https:\/\/cursomusicabenicassim.eu\/va\/wp-json\/wp\/v2\/media?parent=1089"}],"curies":[{"name":"wp","href":"https:\/\/api.w.org\/{rel}","templated":true}]}}

<div class="wp-block-media-text alignwide is-stacked-on-mobile is-vertically-aligned-top" style="grid-template-columns: 23% auto;">
<figure class="wp-block-media-text__media"><img loading="lazy" decoding="async" width="1024" height="683" class="wp-image-1084 size-large" src="https://cursomusicabenicassim.eu/wp-content/uploads/2024/02/FixedPNG-1024x683.png" alt="" srcset="https://cursomusicabenicassim.eu/wp-content/uploads/2024/02/FixedPNG-1024x683.png 1024w, https://cursomusicabenicassim.eu/wp-content/uploads/2024/02/FixedPNG-300x200.png 300w, https://cursomusicabenicassim.eu/wp-content/uploads/2024/02/FixedPNG-768x512.png 768w, https://cursomusicabenicassim.eu/wp-content/uploads/2024/02/FixedPNG-1536x1024.png 1536w, https://cursomusicabenicassim.eu/wp-content/uploads/2024/02/FixedPNG.png 1944w" sizes="auto, (max-width: 1024px) 100vw, 1024px" /></figure>
<div class="wp-block-media-text__content">



<strong>Sergio Llorente</strong> naix a Madrid i actualment està establert a Bergen, Noruega. Comença la seua educació musical amb Nuria Felix al Conservatori de Guadalajara &#8220;Sebastián Durón&#8221; i acaba amb Alfredo García al Conservatori &#8220;Amaniel&#8221; (Madrid). Completa els seus estudis de Grau i Màster amb Mari Tampere-Bezrodny, guardonat dues voltes amb <em>Summa Cum Laude</em> i obtenint la beca de resultats en 2018.





Ha ampliat la seua educació musical en cursos com Aldebarán (Espanya), San Esteban de Gormaz (Espanya), <em>Sierra Academy of Music </em>(EEUU), vuit edicions del Curs Internacional de Música de Benicàssim, <em>Musical Summer Intl. Festival</em> (Espanya), <em>Kuressaare Summer Academy </em>(Estònia) i al Festival Internacional de Música de Loutraki (Grècia).





Ha rebut classes magistrals de Mari Tampere-Bezrodny, M. Pogosyan, Alexander Vinitsky, Natalia Lomeiko, Peeter Laul, Bruno Vidal, Ana Comesaña, Aurelius Goliński, E. C. Schönweiss, Ana Laukhina, Rebecca Hang, Lina Bahn, Emma Noel Votapek i Alfredo García.





Molt interessat en la pedagogia, té experiència com a professor de violí i de teoria musical des de 2015. A més a més, va ser assistent pedagògic a la secció de violins en <em>Cantare Projekt</em> a Heidelberg i Mannheim (Alemanya).





En música de cambra, ha fet els seus estudis amb la Prof. Marje Lohuaru. Té una àmplia experiència treballant en molts grups diferents; duos, trios, quartets de corda, quartets amb piano i quintets amb piano. Va ser guardonat amb el segon premi en la II EAMT Piano Chamber Music Competition, i en aquest camp, va rebre classes magistrals del Dr. Evan Rothstein, Audun Sandvik, Pierre Doumenge, Peter Laul, Lea Leiten, Nokuthula Ngwenyama, K. Sellheim i K. Jankowska-Borzykowska entre altres. Actualment, és membre de BOREAS ensemble.





En orquestra, ha col·laborat amb la Tallinn International Youth Orchestra (TIYO), Meraki Orchestra, Pärnu City Orchestra (PLO), Southern-Estonia Orchestra, Estonian National Symphony Orchestra (ERSO), Bergen Chamber Orchestra (BKO) i Bergen Philharmonic Orchestra (BFO). Col·labora regularment amb l&#8217;Opera Bergen Orchestra, Bergen Youth Chamber Orchestra (BUKO) i Bergen Youth Philharmonic Orchestra (BFUng).



</div>
</div>

<p>Sergio Llorente naix a Madrid i actualment està establert a Bergen, Noruega. Comença la seua educació musical amb Nuria Felix al Conservatori de Guadalajara &#8220;Sebastián Durón&#8221; i acaba amb Alfredo García al Conservatori &#8220;Amaniel&#8221; (Madrid). Completa els seus estudis de Grau i Màster amb Mari Tampere-Bezrodny, guardonat dues voltes amb Summa Cum Laude i obtenint [&hellip;]</p>
