{"id":23,"date":"2022-02-19T19:03:17","date_gmt":"2022-02-19T19:03:17","guid":{"rendered":"https:\/\/cursomusicabenicassim.eu\/?page_id=23"},"modified":"2026-01-24T05:40:11","modified_gmt":"2026-01-24T05:40:11","slug":"presentacion","status":"publish","type":"page","link":"https:\/\/cursomusicabenicassim.eu\/va\/","title":{"rendered":""},"content":{"rendered":"\r\n<figure class=\"wp-block-image alignfull size-full\"><img loading=\"lazy\" decoding=\"async\" width=\"960\" height=\"200\" class=\"wp-image-220\" src=\"https:\/\/cursomusicabenicassim.eu\/wp-content\/uploads\/2022\/03\/header-2016.jpg\" alt=\"\" srcset=\"https:\/\/cursomusicabenicassim.eu\/wp-content\/uploads\/2022\/03\/header-2016.jpg 960w, https:\/\/cursomusicabenicassim.eu\/wp-content\/uploads\/2022\/03\/header-2016-300x63.jpg 300w, https:\/\/cursomusicabenicassim.eu\/wp-content\/uploads\/2022\/03\/header-2016-768x160.jpg 768w\" sizes=\"auto, (max-width: 960px) 100vw, 960px\" \/><\/figure>\r\n\r\n\r\n\r\n<h1 class=\"has-text-align-left has-large-font-size wp-block-heading\" style=\"font-style: normal; font-weight: 200; letter-spacing: 3px;\"><strong>Benvinguts i benvingudes de nou al XII Curs Internacional de M\u00fasica de Benic\u00e0ssim!<\/strong><\/h1>\r\n\r\n\r\n\r\n<div class=\"wp-block-columns is-layout-flex wp-container-core-columns-is-layout-9d6595d7 wp-block-columns-is-layout-flex\">\r\n\r\n\r\n<div class=\"wp-block-column is-layout-flow wp-block-column-is-layout-flow\" style=\"flex-basis: 100%;\">\r\n\r\n\r\n<div class=\"wp-block-group\"><div class=\"wp-block-group__inner-container is-layout-flow wp-block-group-is-layout-flow\">\r\n\r\n\r\n<div class=\"wp-block-group\"><div class=\"wp-block-group__inner-container is-layout-flow wp-block-group-is-layout-flow\">\r\n\r\n\r\n<p class=\"has-medium-font-size\">Estem molt contents i entusiasmats de tornar a anunciar una nova edici\u00f3 del curs amb qu\u00e8 tants bons moments hem passat.<\/p>\r\n\u00c9s hora de tornar a connectar, de fer m\u00fasica junts, aprendre i compartir aquesta setmana de m\u00fasica, classes i diversi\u00f3 al costat de la platja de Benic\u00e0ssim.\r\n\r\nEl nostre objectiu \u00e9s clar: crear un entorn de creixement on tots ens cuidem, ens ajudem i donem el millor de cadasc\u00fa de nosaltres, amb la m\u00fasica i els instruments de corda com a eix principal.\r\n\r\nDurant les passades edicions, m\u00e9s de 200 alumnes han passat pel curs, molts de vosaltres repetint en diverses edicions, i aquesta \u00e9s la nostra m\u00e0xima motivaci\u00f3 per a continuar: Vosaltres.\r\n\r\nAmb el curs, el XII Festival de M\u00fasica de Cambra \u201cCordes a la Mar\u201d retorna a Benic\u00e0ssim per oferir una setmana de concerts, cultura i bons moments als participants del curs i a la poblaci\u00f3 de Benic\u00e0ssim.\r\n\r\nPer a aquesta edici\u00f3 del curs, agra\u00efm enormement la col\u00b7laboraci\u00f3 de l\u2019escola de m\u00fasica Pizzicato y El Mago del Diapas\u00f3n en l\u2019organitzaci\u00f3 del curs.\r\n\r\n\r\n\r\n\r\n<p class=\"has-text-align-left has-medium-font-size\">Ens veiem del 9 al 16 d\u2019agost en Benic\u00e0ssim!<\/p>\r\n\r\n\r\n\r\n<p class=\"has-text-align-right has-medium-font-size\">Organitzaci\u00f3 del Curs Internacional de M\u00fasica de Benic\u00e0ssim<\/p>\r\n\r\n\r\n<\/div><\/div>\r\n\r\n\r\n<\/div><\/div>\r\n\r\n\r\n<\/div>\r\n\r\n\r\n<\/div>\r\n\r\n<h3 style=\"text-align: center;\"><strong>Pots descargar el p\u00f2ster:<\/strong><\/h3>\r\n&nbsp;\r\n\r\n\r\n<div class=\"wp-block-group alignwide\"><div class=\"wp-block-group__inner-container is-layout-constrained wp-block-group-is-layout-constrained\">&nbsp;<\/div><\/div>\r\n\r\n\r\n\r\n\r\n","protected":false},"excerpt":{"rendered":"<p>Benvinguts i benvingudes de nou al XII Curs Internacional de M\u00fasica de Benic\u00e0ssim! Estem molt contents i entusiasmats de tornar a anunciar una nova edici\u00f3 del curs amb qu\u00e8 tants bons moments hem passat. \u00c9s hora de tornar a connectar, de fer m\u00fasica junts, aprendre i compartir aquesta setmana de m\u00fasica, classes i diversi\u00f3 al [&hellip;]<\/p>\n","protected":false},"author":2,"featured_media":0,"parent":0,"menu_order":1,"comment_status":"closed","ping_status":"closed","template":"","meta":{"footnotes":""},"class_list":["post-23","page","type-page","status-publish","hentry"],"amp_enabled":false,"_links":{"self":[{"href":"https:\/\/cursomusicabenicassim.eu\/va\/wp-json\/wp\/v2\/pages\/23","targetHints":{"allow":["GET"]}}],"collection":[{"href":"https:\/\/cursomusicabenicassim.eu\/va\/wp-json\/wp\/v2\/pages"}],"about":[{"href":"https:\/\/cursomusicabenicassim.eu\/va\/wp-json\/wp\/v2\/types\/page"}],"author":[{"embeddable":true,"href":"https:\/\/cursomusicabenicassim.eu\/va\/wp-json\/wp\/v2\/users\/2"}],"replies":[{"embeddable":true,"href":"https:\/\/cursomusicabenicassim.eu\/va\/wp-json\/wp\/v2\/comments?post=23"}],"version-history":[{"count":130,"href":"https:\/\/cursomusicabenicassim.eu\/va\/wp-json\/wp\/v2\/pages\/23\/revisions"}],"predecessor-version":[{"id":1209,"href":"https:\/\/cursomusicabenicassim.eu\/va\/wp-json\/wp\/v2\/pages\/23\/revisions\/1209"}],"wp:attachment":[{"href":"https:\/\/cursomusicabenicassim.eu\/va\/wp-json\/wp\/v2\/media?parent=23"}],"curies":[{"name":"wp","href":"https:\/\/api.w.org\/{rel}","templated":true}]}}

<figure class="wp-block-image alignfull size-full"><img loading="lazy" decoding="async" width="960" height="200" class="wp-image-220" src="https://cursomusicabenicassim.eu/wp-content/uploads/2022/03/header-2016.jpg" alt="" srcset="https://cursomusicabenicassim.eu/wp-content/uploads/2022/03/header-2016.jpg 960w, https://cursomusicabenicassim.eu/wp-content/uploads/2022/03/header-2016-300x63.jpg 300w, https://cursomusicabenicassim.eu/wp-content/uploads/2022/03/header-2016-768x160.jpg 768w" sizes="auto, (max-width: 960px) 100vw, 960px" /></figure>



<h1 class="has-text-align-left has-large-font-size wp-block-heading" style="font-style: normal; font-weight: 200; letter-spacing: 3px;"><strong>Benvinguts i benvingudes de nou al XII Curs Internacional de Música de Benicàssim!</strong></h1>



<div class="wp-block-columns is-layout-flex wp-container-core-columns-is-layout-9d6595d7 wp-block-columns-is-layout-flex">


<div class="wp-block-column is-layout-flow wp-block-column-is-layout-flow" style="flex-basis: 100%;">


<div class="wp-block-group"><div class="wp-block-group__inner-container is-layout-flow wp-block-group-is-layout-flow">


<div class="wp-block-group"><div class="wp-block-group__inner-container is-layout-flow wp-block-group-is-layout-flow">


<p class="has-medium-font-size">Estem molt contents i entusiasmats de tornar a anunciar una nova edició del curs amb què tants bons moments hem passat.</p>
És hora de tornar a connectar, de fer música junts, aprendre i compartir aquesta setmana de música, classes i diversió al costat de la platja de Benicàssim.

El nostre objectiu és clar: crear un entorn de creixement on tots ens cuidem, ens ajudem i donem el millor de cadascú de nosaltres, amb la música i els instruments de corda com a eix principal.

Durant les passades edicions, més de 200 alumnes han passat pel curs, molts de vosaltres repetint en diverses edicions, i aquesta és la nostra màxima motivació per a continuar: Vosaltres.

Amb el curs, el XII Festival de Música de Cambra “Cordes a la Mar” retorna a Benicàssim per oferir una setmana de concerts, cultura i bons moments als participants del curs i a la població de Benicàssim.

Per a aquesta edició del curs, agraïm enormement la col·laboració de l’escola de música Pizzicato y El Mago del Diapasón en l’organització del curs.




<p class="has-text-align-left has-medium-font-size">Ens veiem del 9 al 16 d’agost en Benicàssim!</p>



<p class="has-text-align-right has-medium-font-size">Organització del Curs Internacional de Música de Benicàssim</p>


</div></div>


</div></div>


</div>


</div>

<h3 style="text-align: center;"><strong>Pots descargar el pòster:</strong></h3>
&nbsp;


<div class="wp-block-group alignwide"><div class="wp-block-group__inner-container is-layout-constrained wp-block-group-is-layout-constrained">&nbsp;</div></div>

<p>Benvinguts i benvingudes de nou al XII Curs Internacional de Música de Benicàssim! Estem molt contents i entusiasmats de tornar a anunciar una nova edició del curs amb què tants bons moments hem passat. És hora de tornar a connectar, de fer música junts, aprendre i compartir aquesta setmana de música, classes i diversió al [&hellip;]</p>
